the greatest common factor of 40 and 25262660.
20
What is the greatest common divisor of 2867137 and 325?
13
What is the highest common factor of 1810848 and 56160?
1248
What is the greatest common divisor of 1440 and 4583190?
30
What is the highest common factor of 18190330 and 15155?
2165
What is the greatest common factor of 41239550 and 2134?
2134
What is the highest common factor of 5966046 and 18?
18
What is the greatest common factor of 86807490 and 420?
210
Calculate the greatest common divisor of 2762 and 270706382.
2762
Calculate the highest common divisor of 10848 and 46477239.
339
What is the greatest common divisor of 1365 and 14451465?
105
What is the greatest common factor of 39 and 6020573?
13
Calculate the highest common divisor of 128407586 and 266.
38
Calculate the greatest common divisor of 1859266 and 66760.
3338
What is the highest common divisor of 154 and 1949618?
22
What is the greatest common divisor of 14 and 42804419?
7
What is the greatest common factor of 1736 and 7212646?
434
Calculate the highest common factor of 17972226 and 432.
54
Calculate the greatest common factor of 1968 and 10451556.
492
Calculate the greatest common factor of 12705 and 385935.
165
Calculate the highest common factor of 12072936 and 6.
6
Calculate the greatest common factor of 874 and 304114.
38
What is the highest common divisor of 978149060 and 805?
805
Calculate the highest common factor of 2522 and 27881971.
1261
What is the highest common divisor of 407 and 6245305?
11
What is the highest common divisor of 1397412 and 5592?
12
Calculate the highest common divisor of 4621104 and 176301.
171
What is the greatest common divisor of 2682 and 30241386?
18
Calculate the greatest common factor of 271020 and 4520.
20
What is the greatest common divisor of 1171540976 and 32?
16
What is the highest common factor of 585 and 30865?
5
What is the greatest common divisor of 3662339 and 113511?
157
Calculate the greatest common factor of 9331 and 393407.
301
Calculate the highest common factor of 17343876 and 356796.
2244
Calculate the greatest common factor of 786 and 2269182.
786
What is the highest common factor of 144 and 45259974?
18
What is the highest common factor of 91789 and 32091?
19
Calculate the greatest common factor of 3510 and 65390130.
1170
What is the highest common factor of 50119290 and 270?
270
What is the greatest common divisor of 37802 and 4751066?
922
Calculate the highest common divisor of 773201044 and 4.
4
Calculate the highest common divisor of 336917 and 798.
7
What is the greatest common divisor of 13981170 and 3675?
735
What is the greatest common factor of 1710720 and 40480?
1760
What is the greatest common factor of 8855874 and 146556?
414
What is the highest common divisor of 926473 and 101?
101
What is the highest common divisor of 3499952 and 63916?
2204
Calculate the highest common divisor of 14060479 and 306.
17
Calculate the greatest common factor of 85158524 and 13904.
3476
Calculate the highest common divisor of 1591 and 994560.
37
What is the greatest common factor of 3171610 and 52?
26
Calculate the highest common divisor of 2126790 and 1605.
15
Calculate the highest common factor of 3453 and 9714.
3
What is the greatest common divisor of 1452573 and 1907613?
711
What is the highest common factor of 4146984 and 1116?
36
What is the greatest common factor of 445400336 and 1192?
1192
Calculate the highest common divisor of 56238 and 21678410.
2678
What is the greatest common factor of 3168 and 46685232?
1584
What is the highest common divisor of 15 and 253952585?
5
What is the greatest common divisor of 4403 and 45177629?
259
Calculate the greatest common factor of 8635 and 1462455.
785
Calculate the highest common factor of 6346 and 3131751.
3173
What is the highest common factor of 63145152 and 21?
21
Calculate the greatest common divisor of 144085156 and 184.
92
What is the highest common factor of 1548004 and 37714?
346
Calculate the greatest common factor of 34553367 and 306.
153
Calculate the greatest common factor of 9640 and 12170.
10
What is the greatest common divisor of 4130688 and 620?
124
What is the greatest common factor of 145 and 29586177?
29
Calculate the greatest common divisor of 35887874 and 1804.
902
Calculate the greatest common factor of 48900 and 319140.
60
What is the highest common factor of 111525 and 36930?
15
Calculate the greatest common divisor of 161613 and 3708.
9
Calculate the highest common factor of 3068494 and 49192.
286
What is the greatest common divisor of 12167269 and 1073?
29
What is the greatest common factor of 300 and 105752340?
60
What is the greatest common factor of 394804 and 2741448?
4436
What is the highest common divisor of 1200 and 34639600?
400
What is the greatest common divisor of 2965 and 77005?
5
Calculate the highest common divisor of 1231828 and 18928.
52
Calculate the greatest common divisor of 101364 and 4332.
12
What is the greatest common factor of 36 and 2779668?
36
Calculate the greatest common divisor of 25 and 17878925.
25
What is the greatest common divisor of 68664034 and 86?
86
What is the highest common factor of 167 and 2791405?
167
Calculate the greatest common factor of 7672 and 1121736.
56
Calculate the greatest common factor of 224 and 62333936.
112
Calculate the highest common divisor of 32748950 and 650.
650
Calculate the highest common factor of 2263770 and 1035.
45
What is the greatest common factor of 2964864 and 264?
24
Calculate the greatest common divisor of 7470 and 12624210.
90
What is the highest common divisor of 32 and 14003352?
8
What is the highest common factor of 190720 and 166?
2
Calculate the greatest common divisor of 1652825 and 187.
17
Calculate the greatest common divisor of 69 and 44873943.
69
What is the highest common divisor of 155460 and 61715?
5
What is the greatest common factor of 43156828 and 361?
361
Calculate the highest common factor of 14 and 350909146.
14
Calculate the greatest common divisor of 1203 and 4171539.
3
What is the greatest common factor of 51 and 553537?
17
What is the highest common factor of 58239 and 4923?
9
Calculate the greatest common factor of 77233707 and 6.
3
What is the highest common factor of 317711800 and 1400?
1400
What is the highest common factor of 13733 and 149734?
443
What is the highest common divisor of 659451 and 728715?
1443
Calculate the greatest common divisor of 35616 and 17622288.
2544
Calculate the greatest common factor of 2695539 and 4557.
147
Calculate the greatest common divisor of 62 and 988635756.
62
What is the greatest common divisor of 202 and 2535807?
101
What is the greatest common factor of 1991701 and 9409?
97
Calculate the highest common divisor of 913 and 96083207.
913
What is the highest common factor of 72308450 and 650?
50
Calculate the greatest common factor of 891 and 6850791.
27
What is the highest common divisor of 79663 and 561527?
1943
What is the greatest common divisor of 4544 and 19890224?
1136
What is the highest common divisor of 3283140 and 28?
28
Calculate the greatest common factor of 2822 and 5884534.
166
What is the highest common factor of 30232925 and 575?
575
What is the highest common divisor of 308790 and 280320?
2190
What is the highest common divisor of 1087864 and 189278?
646
Calculate the greatest common divisor of 8142 and 73232.
46
What is the greatest common divisor of 478902 and 3708?
6
Calculate the greatest common divisor of 3922 and 527456.
106
What is the highest common factor of 8243886 and 29057?
4151
Calculate the greatest common factor of 345130840 and 120.
40
Calculate the highest common divisor of 16 and 758925016.
8
Calculate the greatest common divisor of 8708 and 1171537.
311
What is the highest common factor of 138464 and 8?
8
What is the highest common factor of 490 and 104537923?
49
Calculate the greatest common factor of 786442 and 12466.
542
What is the highest common factor of 83 and 3196933?
1
What is the greatest common factor of 467 and 118708131?
467
Calculate the highest common divisor of 42476 and 1012468.
148
Calculate the greatest common factor of 17820 and 865854.
198
Calculate the greatest common factor of 17765 and 86882155.
1615
Calculate the greatest common divisor of 250